st common divisor of 12699 and 306.
153
What is the greatest common factor of 325 and 65?
65
What is the highest common divisor of 90 and 2115?
45
What is the highest common divisor of 6 and 2538?
6
What is the greatest common factor of 378 and 6156?
54
Calculate the greatest common factor of 25 and 25.
25
What is the greatest common divisor of 6 and 32?
2
Calculate the greatest common divisor of 49 and 14.
7
Calculate the greatest common factor of 105 and 35.
35
Calculate the greatest common factor of 589 and 31.
31
Calculate the greatest common factor of 176 and 128.
16
Calculate the highest common divisor of 468 and 140.
4
What is the highest common divisor of 63 and 252?
63
Calculate the highest common factor of 48 and 228.
12
What is the highest common divisor of 1 and 293?
1
Calculate the highest common divisor of 348 and 24.
12
Calculate the highest common divisor of 57 and 21.
3
Calculate the greatest common divisor of 20242 and 232.
58
What is the greatest common factor of 6 and 4614?
6
What is the highest common factor of 4120 and 40?
40
What is the greatest common divisor of 555 and 730?
5
What is the greatest common factor of 54 and 156?
6
What is the highest common factor of 82 and 67978?
82
Calculate the greatest common factor of 525 and 725.
25
Calculate the highest common factor of 1720 and 440.
40
What is the highest common divisor of 198 and 54?
18
Calculate the greatest common factor of 52 and 88.
4
Calculate the highest common divisor of 291 and 6596.
97
Calculate the greatest common factor of 72 and 54.
18
What is the highest common divisor of 104 and 32?
8
Calculate the greatest common factor of 314 and 157.
157
What is the highest common factor of 70 and 756?
14
What is the highest common divisor of 6177 and 852?
213
What is the greatest common divisor of 143 and 11?
11
What is the greatest common factor of 16 and 12?
4
What is the highest common divisor of 1275 and 51?
51
Calculate the greatest common divisor of 112 and 350.
14
What is the greatest common factor of 729 and 9?
9
Calculate the greatest common factor of 825 and 2025.
75
What is the highest common divisor of 42 and 224?
14
What is the greatest common factor of 19 and 2?
1
Calculate the highest common divisor of 1961 and 265.
53
What is the greatest common divisor of 442 and 238?
34
Calculate the greatest common divisor of 24 and 81.
3
Calculate the highest common divisor of 15 and 105.
15
What is the highest common divisor of 85 and 7871?
17
What is the greatest common divisor of 512 and 8?
8
Calculate the highest common divisor of 64 and 48.
16
What is the greatest common divisor of 18 and 54?
18
Calculate the highest common divisor of 2412 and 492.
12
What is the highest common divisor of 15295 and 70?
35
Calculate the greatest common divisor of 90 and 165.
15
Calculate the greatest common divisor of 220 and 165.
55
Calculate the greatest common factor of 48 and 21.
3
Calculate the greatest common factor of 464 and 29.
29
What is the greatest common divisor of 363 and 847?
121
What is the greatest common divisor of 4717 and 178?
89
Calculate the greatest common factor of 600 and 160.
40
Calculate the greatest common divisor of 121 and 10131.
11
Calculate the greatest common factor of 12 and 444.
12
What is the greatest common divisor of 2176 and 187?
17
Calculate the highest common divisor of 5 and 3205.
5
What is the highest common divisor of 80 and 64?
16
What is the greatest common divisor of 215 and 15?
5
What is the highest common divisor of 143 and 13?
13
Calculate the highest common divisor of 105 and 6930.
105
What is the highest common divisor of 950 and 500?
50
What is the greatest common divisor of 143 and 299?
13
What is the greatest common factor of 408 and 48?
24
What is the highest common divisor of 24 and 12372?
12
Calculate the highest common factor of 264 and 12.
12
Calculate the highest common factor of 592 and 2516.
148
What is the highest common divisor of 160 and 1620?
20
Calculate the greatest common divisor of 28 and 4.
4
Calculate the highest common factor of 48 and 681.
3
What is the highest common factor of 325 and 39?
13
What is the highest common factor of 1440 and 40?
40
What is the highest common factor of 338 and 1638?
26
Calculate the highest common divisor of 74 and 8917.
37
Calculate the greatest common factor of 1157 and 13.
13
Calculate the greatest common factor of 750 and 410.
10
Calculate the greatest common divisor of 286 and 33.
11
What is the highest common factor of 462 and 10549?
77
What is the highest common divisor of 4321 and 29?
29
What is the highest common divisor of 20 and 4035?
5
What is the greatest common factor of 8 and 72?
8
Calculate the highest common divisor of 180 and 40.
20
Calculate the greatest common factor of 974 and 2.
2
What is the greatest common divisor of 144 and 90?
18
What is the greatest common divisor of 130 and 110?
10
Calculate the greatest common divisor of 1608 and 24.
24
What is the highest common factor of 181 and 128329?
181
What is the greatest common divisor of 3621 and 213?
213
Calculate the greatest common factor of 5610 and 1190.
170
Calculate the highest common factor of 135 and 645.
15
Calculate the highest common factor of 1782 and 330.
66
Calculate the greatest common divisor of 500 and 20.
20
What is the greatest common factor of 110 and 385?
55
Calculate the highest common divisor of 18 and 1638.
18
What is the highest common divisor of 475 and 25?
25
Calculate the highest common factor of 168 and 42.
42
Calculate the highest common divisor of 1185 and 15.
15
What is the highest common divisor of 58 and 17806?
58
Calculate the highest common factor of 10 and 155.
5
Calculate the highest common divisor of 4848 and 48.
48
Calculate the highest common factor of 1656 and 8004.
276
What is the greatest common factor of 9 and 2637?
9
What is the highest common factor of 102 and 51?
51
What is the highest common divisor of 320 and 3680?
160
Calculate the greatest common divisor of 209 and 38.
19
Calculate the highest common factor of 10187 and 167.
167
Calculate the highest common factor of 305 and 183.
61
What is the highest common factor of 2667 and 189?
21
What is the greatest common divisor of 12 and 28?
4
What is the highest common factor of 370 and 25345?
185
What is the highest common divisor of 55 and 8349?
11
Calculate the highest common divisor of 31 and 31.
31
Calculate the greatest common divisor of 1 and 13.
1
What is the greatest common divisor of 24 and 1368?
24
Calculate the highest common factor of 2680 and 40.
40
What is the highest common factor of 333 and 481?
37
Calculate the greatest common divisor of 2118 and 6.
6
What is the greatest common factor of 82 and 1189?
41
What is the highest common divisor of 51 and 119?
17
Calculate the greatest common factor of 188 and 12.
4
Calculate the highest common factor of 212 and 124.
4
What is the greatest common factor of 632 and 40?
8
What is the highest common factor of 572 and 44?
44
Calculate the highest common divisor of 54 and 270.
54
What is the highest common divisor of 1509 and 3?
3
Calculate the highest common factor of 217 and 28.
7
What is the highest common divisor of 654 and 3?
3
What is the greatest common factor of 165 and 1245?
15
Calculate the highest common divisor of 13 and 11713.
13
Calculate the greatest common divisor of 26 and 351.
13
What is the greatest common factor of 162 and 234?
18
Calculate the highest common factor of 240 and 2424.
24
What is the highest common divisor of 50 and 850?
50
Calculate the greatest common factor of 112 and 96.
16
Calculate the highest common factor of 95 and 342.
19
Calculate the greatest common divisor of 5 and 15.
5
What is the greatest common divisor of 292 and 16?
4
What is the greatest common divisor of 121 and 176?
11
What is the greatest common divisor of 1595 and 110?
55
Calculate the highest common divisor of 44 and 2596.
44
What is the highest common divisor of 44 and 22?
22
Calculate the highest common factor of 2782 and 208.
26
What is the highest common divisor of 20 and 2795?
5
What is the highest common factor of 663 and 195?
39
Calculate the greatest common factor of 78 and 858.
78
What is the greatest common divisor of 39 and 1